common factor of 45996867 and 203679?
3843
What is the greatest common factor of 99270 and 35510?
10
Calculate the highest common divisor of 312400 and 13753410.
7810
What is the greatest common divisor of 79634680 and 40?
40
What is the highest common divisor of 21329915 and 1070?
535
What is the highest common divisor of 6479775 and 450?
225
What is the highest common divisor of 88 and 2912723?
11
What is the highest common divisor of 4899 and 5107311?
69
What is the greatest common factor of 126 and 4253184?
18
What is the greatest common factor of 3614 and 8046571?
1807
What is the highest common factor of 4255512 and 56?
8
What is the highest common divisor of 188177 and 1?
1
What is the greatest common factor of 34 and 855676?
2
What is the highest common factor of 3077867 and 244188?
323
Calculate the greatest common factor of 31791 and 66.
3
Calculate the highest common factor of 28231011 and 1944.
243
What is the highest common factor of 165022748 and 121?
11
Calculate the greatest common factor of 309077 and 17.
17
Calculate the greatest common factor of 66011380 and 1748.
92
Calculate the highest common divisor of 13932 and 75132.
36
Calculate the highest common factor of 57310 and 4158.
22
What is the highest common divisor of 8160 and 1993952?
32
What is the greatest common divisor of 14244034 and 7?
7
Calculate the greatest common divisor of 518906923 and 43028.
10757
What is the greatest common factor of 52836 and 42397320?
1428
What is the highest common divisor of 543 and 445269050?
181
What is the highest common divisor of 176 and 88884994?
22
Calculate the highest common factor of 32 and 1418556.
4
Calculate the highest common divisor of 5940 and 98690955.
165
Calculate the highest common divisor of 4702 and 1936.
2
Calculate the highest common factor of 579 and 56436288.
579
Calculate the highest common factor of 29689 and 107428297.
2699
Calculate the highest common divisor of 735234753 and 4179.
597
What is the greatest common divisor of 20873032 and 147572?
1868
Calculate the greatest common divisor of 19158220 and 260.
20
Calculate the greatest common factor of 12 and 548776020.
12
What is the greatest common divisor of 44282 and 8302?
14
Calculate the greatest common factor of 157870999 and 4719.
1573
Calculate the greatest common divisor of 150235 and 5.
5
What is the greatest common factor of 6769483 and 34111?
3101
What is the greatest common factor of 10059 and 11485941?
1437
Calculate the greatest common factor of 3030342 and 10752.
42
Calculate the highest common divisor of 728650 and 24350.
50
What is the greatest common divisor of 25368455 and 105?
35
Calculate the greatest common factor of 1271176 and 228.
76
Calculate the greatest common factor of 2244 and 78804.
132
What is the highest common factor of 1623 and 10647?
3
What is the greatest common divisor of 68176 and 16?
16
What is the greatest common factor of 3633375 and 500?
125
What is the highest common factor of 3936 and 40672328?
328
Calculate the highest common divisor of 100691 and 14314.
17
Calculate the greatest common factor of 180377 and 109409.
2957
What is the greatest common divisor of 491101 and 5?
1
What is the greatest common factor of 108855 and 512415?
2655
Calculate the highest common divisor of 472800 and 375.
75
Calculate the greatest common factor of 1989739 and 10449.
43
Calculate the greatest common divisor of 56 and 12399464.
56
What is the greatest common factor of 2349 and 281706?
87
Calculate the highest common divisor of 2333676 and 167579.
113
Calculate the highest common factor of 695276504 and 312.
104
What is the highest common factor of 1595140 and 280?
20
What is the greatest common factor of 75 and 22576749?
3
Calculate the greatest common divisor of 179690 and 447715.
755
What is the highest common factor of 176612438 and 130290?
8686
What is the greatest common factor of 148320 and 891360?
1440
Calculate the greatest common factor of 4980880 and 8970.
230
Calculate the greatest common divisor of 755 and 204463815.
755
Calculate the highest common factor of 40289683 and 4229.
4229
Calculate the highest common divisor of 82166 and 1337.
7
What is the greatest common factor of 1406 and 9918?
38
What is the greatest common divisor of 883679 and 489067?
2099
Calculate the highest common divisor of 627 and 35805.
33
What is the highest common factor of 904 and 1014351958?
226
Calculate the greatest common divisor of 82 and 32360726.
82
What is the greatest common factor of 2893 and 1096645?
11
What is the greatest common divisor of 606606672 and 672?
336
What is the highest common factor of 15322 and 23959566?
94
What is the highest common factor of 3100370 and 13370?
70
What is the highest common factor of 58 and 206458018?
58
What is the greatest common divisor of 4545 and 1458440?
505
What is the highest common divisor of 13872 and 15260067?
867
What is the highest common factor of 1582893 and 377182?
2119
What is the greatest common divisor of 55 and 7511691?
11
Calculate the highest common divisor of 1183 and 538096.
169
What is the greatest common factor of 49951179 and 834?
417
Calculate the highest common divisor of 29192 and 73144.
328
What is the greatest common factor of 1953 and 32994780?
21
Calculate the greatest common factor of 786746 and 5.
1
Calculate the greatest common divisor of 328054 and 3304214.
3382
What is the highest common divisor of 22972 and 1888?
4
What is the highest common divisor of 398106 and 57987?
153
What is the greatest common factor of 757744 and 302224?
208
What is the greatest common divisor of 12626 and 18957054?
118
Calculate the greatest common factor of 7256 and 194504.
8
What is the greatest common factor of 1079091 and 2320587?
3609
What is the greatest common divisor of 2853380 and 220?
20
Calculate the greatest common factor of 1533134 and 184.
46
Calculate the greatest common factor of 2812026 and 3458694.
9798
What is the highest common divisor of 2023 and 2895699947?
2023
Calculate the greatest common factor of 2710719 and 693.
99
Calculate the highest common factor of 1554 and 42158984.
518
Calculate the highest common factor of 3248 and 26158.
58
What is the highest common divisor of 213980 and 462865?
65
What is the greatest common divisor of 60863 and 71753?
121
Calculate the greatest common divisor of 248 and 14659404.
124
Calculate the highest common factor of 168 and 11596128.
24
Calculate the highest common divisor of 91 and 1337189.
7
What is the highest common divisor of 23868713 and 99?
11
Calculate the highest common divisor of 304923951 and 51.
51
What is the highest common divisor of 148330 and 409591?
91
Calculate the greatest common divisor of 51752879 and 34.
17
What is the highest common divisor of 37609329 and 13518?
2253
Calculate the greatest common divisor of 1564 and 837752.
92
What is the greatest common factor of 24973 and 8486978?
1921
What is the greatest common divisor of 32 and 1525261?
1
What is the highest common divisor of 2464 and 8999424?
224
Calculate the highest common factor of 5650 and 8689474.
226
What is the highest common factor of 1568467 and 29526?
37
What is the highest common divisor of 5171028 and 8760?
876
Calculate the greatest common divisor of 20 and 57561120.
20
Calculate the greatest common divisor of 222 and 550806.
6
Calculate the highest common factor of 65690567 and 255.
17
What is the greatest common factor of 585 and 4989195?
45
What is the greatest common factor of 212838 and 3591?
57
Calculate the highest common factor of 36 and 211647897.
9
Calculate the greatest common divisor of 9933 and 348171.
129
Calculate the highest common factor of 275000 and 53240.
440
Calculate the greatest common divisor of 81195 and 15.
15
Calculate the greatest common divisor of 95826528 and 9.
9
Calculate the highest common divisor of 312753790 and 15890.
2270
Calculate the highest common factor of 10868 and 7227688.
52
What is the highest common divisor of 4152988 and 125496?
2324
What is the highest common factor of 80752 and 28322?
98
Calculate the highest common factor of 16 and 53291216.
16
Calculate the greatest common divisor of 339285303 and 13923.
1071
What is the highest common factor of 22372377 and 2529?
843
Calcul